t common divisor of 135 and 182970.
45
What is the highest common divisor of 266 and 169366?
38
What is the highest common factor of 164 and 2529864?
164
Calculate the greatest common factor of 80 and 1288290.
10
Calculate the highest common factor of 2475 and 1749.
33
What is the greatest common factor of 18032 and 1771?
161
What is the highest common divisor of 14 and 87311?
7
Calculate the highest common factor of 134761 and 11.
11
What is the highest common factor of 1037436 and 12?
12
What is the greatest common factor of 96330 and 18240?
570
What is the greatest common factor of 125481 and 9141?
831
What is the greatest common divisor of 282 and 78?
6
Calculate the highest common factor of 84 and 411572.
28
What is the greatest common divisor of 9040 and 80682?
226
Calculate the highest common factor of 1178 and 15438.
62
What is the highest common factor of 4056 and 163423?
169
Calculate the highest common factor of 357 and 1003.
17
What is the greatest common factor of 8 and 237740?
4
Calculate the highest common factor of 2041 and 962881.
157
What is the highest common factor of 21 and 1150653?
21
Calculate the greatest common divisor of 987 and 125020.
329
Calculate the greatest common factor of 323 and 6205.
17
What is the greatest common divisor of 655 and 4110?
5
What is the greatest common divisor of 1113948 and 1595?
319
What is the greatest common factor of 670430 and 70?
10
What is the highest common divisor of 14150 and 10754?
566
What is the highest common factor of 15 and 888870?
15
What is the highest common factor of 15302 and 14?
14
Calculate the greatest common divisor of 246 and 370394.
82
Calculate the greatest common divisor of 16340 and 96900.
380
Calculate the greatest common factor of 198 and 2567367.
99
Calculate the greatest common divisor of 870970 and 30.
10
What is the greatest common divisor of 45804 and 9174?
66
What is the highest common factor of 31 and 54002?
31
Calculate the highest common divisor of 17306 and 102.
34
Calculate the highest common divisor of 697425 and 25.
25
Calculate the greatest common factor of 99 and 27.
9
Calculate the greatest common factor of 122 and 94001.
61
What is the highest common divisor of 30 and 1578?
6
Calculate the highest common factor of 1190 and 850.
170
What is the greatest common factor of 1 and 10597?
1
Calculate the highest common factor of 1043 and 287.
7
What is the highest common divisor of 79461 and 1635?
327
Calculate the greatest common factor of 35 and 10649065.
35
What is the greatest common factor of 50 and 5870?
10
What is the greatest common divisor of 531 and 826?
59
Calculate the highest common factor of 2626983 and 9.
9
What is the highest common factor of 2107 and 672?
7
What is the highest common divisor of 5870207 and 7?
7
Calculate the highest common factor of 1164748 and 260.
52
Calculate the highest common divisor of 33 and 34287.
33
What is the highest common divisor of 23 and 222157?
23
What is the highest common factor of 1412 and 61069?
353
Calculate the greatest common divisor of 207975 and 75.
75
What is the highest common divisor of 37 and 4847?
37
Calculate the highest common factor of 133884 and 6.
6
What is the highest common factor of 31356 and 192?
12
What is the greatest common factor of 63 and 531909?
63
Calculate the highest common factor of 1880 and 429580.
940
What is the greatest common divisor of 17006 and 506?
22
Calculate the highest common divisor of 60072 and 264.
24
What is the greatest common divisor of 16761 and 906?
453
Calculate the highest common divisor of 4589377 and 719.
719
Calculate the highest common divisor of 2876 and 4.
4
Calculate the highest common factor of 20028 and 282061.
1669
Calculate the greatest common factor of 35021 and 14.
7
What is the highest common divisor of 40 and 540?
20
What is the highest common divisor of 43420 and 10?
10
What is the highest common factor of 283 and 34243?
283
What is the highest common divisor of 18066 and 18?
6
What is the highest common divisor of 320 and 6070?
10
What is the highest common divisor of 528 and 628672?
176
Calculate the highest common factor of 14235 and 3120.
195
What is the highest common divisor of 127724 and 296?
148
What is the greatest common factor of 11472 and 96?
48
Calculate the highest common divisor of 508 and 152400.
508
What is the highest common divisor of 1269 and 9917?
47
Calculate the greatest common factor of 251154 and 54.
54
What is the greatest common factor of 28259 and 385?
77
What is the greatest common factor of 11102 and 42?
14
What is the greatest common factor of 11988 and 37?
37
Calculate the greatest common divisor of 2873 and 323.
17
Calculate the highest common factor of 1 and 39494.
1
Calculate the highest common divisor of 771 and 303.
3
What is the greatest common factor of 416 and 194816?
32
What is the greatest common divisor of 128083 and 367?
367
What is the highest common factor of 35686 and 301?
7
What is the greatest common divisor of 15 and 17376585?
15
What is the highest common factor of 2178 and 8778?
66
Calculate the highest common divisor of 25260 and 8040.
60
Calculate the greatest common divisor of 48750 and 1065.
15
What is the highest common divisor of 100 and 44636?
4
Calculate the greatest common divisor of 126568 and 520.
104
Calculate the highest common divisor of 508 and 41275.
127
What is the greatest common divisor of 3910699 and 13?
13
Calculate the greatest common factor of 6666 and 624483.
303
What is the greatest common divisor of 138 and 28888?
46
What is the highest common divisor of 255 and 116875?
85
Calculate the greatest common factor of 1061 and 16.
1
What is the greatest common factor of 4857922 and 46?
46
What is the highest common factor of 17 and 463403?
17
Calculate the highest common factor of 172736 and 515509.
2699
Calculate the greatest common divisor of 19822 and 704.
22
Calculate the greatest common factor of 974 and 307297.
487
Calculate the highest common factor of 154 and 2581062.
22
Calculate the greatest common factor of 1175 and 10355.
5
What is the greatest common factor of 313875 and 30?
15
Calculate the greatest common factor of 1450 and 65192.
58
Calculate the greatest common divisor of 1 and 40627.
1
What is the highest common divisor of 1066 and 2197?
13
Calculate the highest common factor of 20 and 6036.
4
Calculate the highest common factor of 79 and 113681.
79
Calculate the greatest common factor of 1122 and 161772.
102
What is the greatest common divisor of 65656 and 232?
232
What is the highest common divisor of 338336 and 6?
2
What is the highest common divisor of 39 and 3153?
3
Calculate the highest common divisor of 1676 and 3932.
4
Calculate the highest common factor of 47219 and 23.
23
Calculate the greatest common factor of 320451 and 3345.
669
What is the highest common factor of 216 and 99?
9
Calculate the highest common factor of 58422 and 8827.
91
Calculate the highest common factor of 81728 and 256.
64
What is the greatest common divisor of 1225616 and 2108?
124
Calculate the greatest common divisor of 1242 and 1196.
46
Calculate the highest common factor of 1342 and 297741.
61
Calculate the greatest common factor of 46 and 76107.
23
Calculate the greatest common factor of 4118 and 1102.
58
What is the greatest common factor of 12232 and 319561?
1529
What is the greatest common divisor of 7038 and 70686?
306
What is the greatest common divisor of 32415 and 45?
15
What is the greatest common divisor of 31316 and 20?
4
What is the greatest common factor of 8703 and 189?
9
What is the greatest common factor of 4740 and 20?
20
What is the highest common divisor of 1092 and 21216?
156
Calculate the highest common divisor of 62593 and 212.
53
What is the greatest common divisor of 34 and 553384?
34
Calculate the greatest common factor of 38913 and 42.
21
Calculate the greatest common factor of 336 and 497128.
8
Calculate the greatest common divisor of 57534 and 18318.
258
What is the highest common divisor of 454291 and 68?
17
What is the greatest common factor of 284 and 4839573?
71
Calculate the greatest common factor of 13950 and 950150.
1550
What is the highest common divisor of 88182 and 1656?
414
Calculate the greatest common factor of 